2. What is z(q)?
-3
Let x(n) = 92 - 54*n + 25 + 78*n - 51. Determine x(-3).
-6
Let h(n) = 19*n**2 - 23*n + 1. Let j(v) = 6*v**2 - 3*v - 2. Let m(k) = -h(k) + 3*j(k). Give m(6).
41
Let v(t) = t - 8. Let q(h) = 12*h + 18. Let y(n) = q(n) + 3*v(n). Let c(s) = 5*s - 3*s - 1 + s. Let o(k) = 11*c(k) - 2*y(k). Determine o(1).
4
Let g(j) = -8*j**2 - 61*j + 559. Let l(b) = -5*b**2 - 30*b + 280. Let w(c) = 3*g(c) - 5*l(c). What is w(15)?
7
Let h = -2 + 17. Let c be (h/6)/((-2)/(-4)). Let q(i) = -i + 394*i**2 - 5*i + 398*i**2 - 791*i**2. Determine q(c).
-5
Let y(v) be the third derivative of -v**5/60 + v**4/8 + 172*v**2. Give y(0).
0
Let j be 4/(-10) - (-17)/5. Suppose 0 = 59*i - 370*i + 4976. Suppose j*l + i = -2. Let c(p) = p**2 + 6*p - 5. What is c(l)?
-5
Let z be (-1 - -3) + 2/(-1). Let v(k) = -k**2 + 3351 - 3345 - 32*k + 58*k - 27*k. What is v(z)?
6
Let m(d) = -27 - 4*d + 0*d + 16*d + 18*d. Determine m(3).
63
Let g(i) be the second derivative of -i**4/12 - i**3 - i**2 - 3*i. Let n be (16/(-24) - 2/(-12))*(-11 + 23). Give g(n).
-2
Let v(t) = -t**3 + t**2 - 2*t - 1. Let f(p) = 12*p + 22 + 545*p**2 - 552*p**2 - 5 + 7*p**3. Let a(y) = f(y) + 6*v(y). Give a(0).
11
Let t(x) = 863 - 3455 - 14*x + 854 + 891 + 883. Determine t(5).
-34
Suppose -72*a - 44 = -94*a. Let p(c) = 4*c**3 - 2*c**2 - 2*c + 5. Calculate p(a).
25
Let t(g) = -3*g**2 + 4*g - 19. Let c = -2781 + 2787. Give t(c).
-103
Let n be 1*(-2 + 4) + 1. Suppose 6 = 6*v - 30. Let d(a) = -4 + v*a - 5*a + 1 - 2*a. Give d(n).
-6
Let y(o) = -o**3 - 4*o**2 + o + 3. Suppose 61*b = 65*b + 56. Let d(l) = l**2 + 8*l - 1 + 8*l - 2*l - 3. Let k be d(b). Calculate y(k).
-1
Let h be (8 - (-2 - -4)) + -2. Let i(o) = -13*o**3 - 36*o**2 - 12*o + 1. Let g(v) = 5*v**3 + 13*v**2 + 4*v. Let b(f) = -8*g(f) - 3*i(f). Give b(h).
13
Let i(n) be the first derivative of -n**3/3 - n**2/2 + 3*n + 153. Let r(d) = 28*d - 88. Let h be r(3). Calculate i(h).
-9
Let f(s) be the second derivative of -s**5/20 + 5*s**4/4 - 13*s**3/6 - 11*s**2 - 2*s - 459. Give f(14).
-8
Let q(x) be the second derivative of x**4/4 + x**3/2 + x**2 + 21*x - 8. Determine q(-2).
8
Let v(k) = -9 + 4*k**2 + k**3 + 22 - 9*k**2 - 13*k - 6*k**2. Let h be (-3 - (-109)/7) + 56/(-98). Give v(h).
1
Let a(r) = -10*r - 39. Let x be ((-2)/20 - 6/15)/((-338)/2704). Determine a(x).
-79
Let g(d) = -d**2 - d - 1. Let z(m) = -6*m**2 - 9. Let w(p) = 5*g(p) - z(p). Let i be w(4). Let h(f) = -4 - 6 + 1 + 5 - f + 0*f. Determine h(i).
-4
Let s be 75/300 - 14/(-24). Let q(l) be the third derivative of -6*l**2 - 1/24*l**4 + 0*l + s*l**3 + 0. Determine q(5).
0
Suppose 0 = -13*n - 3*n. Suppose -10 = -4*h + 2, 2*u - 4*h + 12 = n. Suppose 3*i + 30 = -4*y, u = -0*y + y + 3. Let j(r) = -r**2 - 3*r + 5. Give j(i).
-13
Let a(s) = -s**3 - 12*s**2 + 63*s - 15. Suppose -58*m - 15*m = 1168. Determine a(m).
1
Let n(d) = 5*d**3 + d**2 - 3*d + 6. Let u(x) be the second derivative of x**5/20 + x**2/2 - 2*x + 2. Let b(t) = n(t) - 6*u(t). Calculate b(3).
-27
Suppose 107 = 5*n + 17. Let f be (-42)/n - (-1)/3. Let u(y) = 13*y**2 + 25*y - 4. Let v(x) = 3*x**2 + 6*x - 1. Let h(g) = f*u(g) + 9*v(g). What is h(-2)?
-5
Let k(x) be the second derivative of -x**3/6 - x**2 - 2*x. Let c = -18632 - -18633. Calculate k(c).
-3
Let a(z) = -z**2 + z + 24. Let x = -12870 - -12874. Give a(x).
12
Let h(y) = -33*y**3 - 2*y**2 + y + 1. Let o be h(-1). Suppose -5*c + x + 19 = 0, -5*c - 30*x + 34*x = -o. Let p(w) = 10*w + 2. Give p(c).
32
Let c(f) = -f**2 + 7*f + 21. Let j = -40 + 49. Let z be c(j). Let h(x) = 7*x - 2*x + 5*x**2 + 126 - x**z - 127. What is h(6)?
-7
Let c(o) = -o + 8. Suppose 0 = -j + 2*j - d - 265, j - 4*d = 262. Suppose 39*v = -7 - j. Determine c(v).
15
Let o = -19221 - -19245. Let d(x) = x**3 - 22*x**2 - 51*x + 78. What is d(o)?
6
Suppose -24 = -0*c - 6*c. Suppose 2*x - 4*u - 18 + 2 = 0, -5*u - 20 = -c*x. Let z(b) = b**2 - 9. Let d(y) = -y**2 + 9. Let v(s) = 5*d(s) + 6*z(s). What is v(x)?
-9
Let t(f) = -11*f - 29. Let a be t(-8). Let z(b) = -4*b + 3*b + 58*b**3 - 7*b**2 - a*b**3 + 21 - 18. Determine z(-7).
10
Let h(s) = 2*s - 3. Let f(u) = -u + 1. Let g(z) = 7*f(z) + 3*h(z). Suppose -353*v = -348*v + 2*q - 17, -4*v = 4*q - 4. Determine g(v).
-7
Let v = -8 - -6. Let f be -7 - (-12 + 0) - (2 - 1). Let g(z) = 2*z - 1 - 7*z + f*z + 4*z. Give g(v).
-7
Let l(g) be the third derivative of g**4/8 - 103*g**3/6 + 2*g**2 - 21. Determine l(33).
-4
Suppose -22*b + 18 = -v - 19*b, -5*b + 30 = 0. Let c(f) = -f**3 + f**2 + f + 8. Give c(v).
8
Let g(v) = -3*v + 4. Suppose -4*o = 3*t - 29, 0 = 2*t - 3*o - 29 + 4. Let h be 2 - t - (8 + -13). Give g(h).
16
Suppose 2*h = 4*r + 12, 37*h = 40*h + 4*r - 48. Let a(f) = -4*f + 36. Calculate a(h).
-12
Let i(a) = -a**3 + 10*a**2 - 4. Let x = -178 - -243. Let c = 75 - x. Calculate i(c).
-4
Let w(y) = 31*y + 65. Let s be w(-3). Suppose 8*o - 29 = -205. Let a = o - s. Let f(k) = k**3 - 6*k**2 + 3*k - 2. Give f(a).
16
Let k(j) be the second derivative of j**3 - 11*j + 0 - 1/8*j**4 + 0*j**2 - 1/60*j**5. Let f(q) be the second derivative of k(q). Give f(6).
-15
Let a(m) = 824*m - 4106. Let b be a(5). Let i(w) = 2*w - 31. What is i(b)?
-3
Suppose p - 2*c = 21, -10*p - 2*c = -13*p + 55. Suppose 5*z + 47 = p. Let g(l) = 3*l - 5*l + 9*l + 6 + l**2. Determine g(z).
0
Let n(a) = a**3 - 5*a**2 + 3*a - 1. Let g be n(3). Let o(b) = 508*b + 8. Let y(x) = 13*x. Let l(p) = -2*o(p) + 78*y(p). Determine l(g).
4
Let z(l) = -l**2 - 6*l + 14. Let s be z(-4). Suppose -s - 2 = -3*r. Suppose -x - b + 4 = 0, 3*x + 0*b - 2*b + r = 0. Let k(w) = w**2 + w + 9. Calculate k(x).
9
Let y(t) = t**2 + 11*t + 26. Let z(j) = -41*j + 1464. Let h be z(36). Give y(h).
38
Suppose 0 = 107*y - 77*y. Let t(u) = -66*u - 7. Give t(y).
-7
Let l(k) be the third derivative of -k**4/24 - k**3/2 - 2*k**2. Suppose 20*t - 4530 = 14*t. Let z = 758 - t. Calculate l(z).
-6
Let l be 12 + 1/2 + (-310)/124. Let x(i) = -2*i**2 + 8*i + 109. Give x(l).
-11
Let i(w) be the third derivative of w**4/24 + 2*w**3/3 - 389*w**2. Determine i(-2).
2
Let j(q) = -7*q. Let p(m) be the third derivative of 5*m**4/3 + 4*m**2 + 5*m. Let b(f) = 16*j(f) + 3*p(f). Give b(-1).
-8
Let s be (-1)/3 - (-1)/3. Let n(j) be the second derivative of 4*j + 0 + 1/6*j**3 + 1/20*j**5 + j**2 + 0*j**4. Determine n(s).
2
Let z(k) = 4*k**2 - 12*k + 18. Let o(a) = 3*a**2 - 11*a + 16. Let d(f) = 5*o(f) - 4*z(f). Determine d(-6).
14
Let b be ((-1550)/(-25))/(1/2). Let j(l) = -6*l - l**2 + b + 5*l + 10*l - 132. Calculate j(7).
6
Let a = 10277 + -10273. Let v(q) be the third derivative of 0*q - 1/24*q**a + 0 + 25*q**2 + 1/3*q**3 + 1/60*q**5. Determine v(0).
2
Let b(d) = -d**3 + 5*d**2 - 7*d + 6. Suppose 4*r = -p + 44 - 24, 5*r + 125 = 5*p. Let c be 4 + 0 - 0/p. Give b(c).
-6
Let w(m) = -m**2 - 5*m + 3. Let y = 23 - 22. Let g be ((2/(-2) - -2)*-35)/y. Let h = -39 - g. What is w(h)?
7
Let p(c) = -48*c**2 + 3*c + 23. Let o(a) = -11*a**2 + a + 6. Let z(r) = 9*o(r) - 2*p(r). What is z(4)?
-28
Let w(z) be the second derivative of 4/3*z**3 - 3*z**2 - 7/12*z**4 - 1/20*z**5 - 42 + 2*z. Give w(-8).
-6
Let c(g) = -811*g**2 + 8 - 5*g + g**3 - 2 + 404*g**2 + 400*g**2. Let r(l) = l**3 - 5*l**2 - 4*l - 4. Let d be r(6). Give c(d).
30
Let t(w) be the first derivative of w**3/3 - 7*w**2 + 11*w - 1677. Give t(17).
62
Let g(m) = 126*m + 5569. Let b be g(-44). Let u(n) = 7*n - 193. Determine u(b).
-18
Suppose 166*y - 164*y + 38 = 4*w, 3*y + 57 = 3*w. Let g(n) = -5*n - 94. Calculate g(y).
1
Let j(w) = 7 + 469*w**2 - w**3 - 1 - 20 - 471*w**2 + 7 + 4*w. Determine j(-3).
-10
Let w(o) = o**3 + 3*o**2 - 5. Suppose -29*d - 40 = 37 - 135. Give w(d).
15
Let y(o) = o**3 + 11*o**2 - 24*o + 24. Suppose d - 28 = 2*i, -2*i + 7*d - 32 = 4*d. What is y(i)?
-2
Let d(l) = 4*l**2 - 2*l + 6. Let b(x) = 5*x**2 - x + 7. Let m(a) = 3*b(a) - 4*d(a). Suppose -34*o + 39*o = 45. Suppose -o - 15 = -6*c. Calculate m(c).
1
Suppose 12*g = -g + 3016. Let x = -225 + g. Let p(r) = 2*r**2 + 6*r - 9. Let y(v) = -v**2 + v. Let h(c) = p(c) + 3*y(c). Give h(x).
5
Let z(w) = 11*w + 30. Let y be 10/(-3) + (60/12 - (-40)/(-6)). What is z(y)?
-25
Let s(c) = 16*c. Let b = 12 - -20. Let w = 27 - b. Let u be -1*(w/(-15))/(2/6). Calculate s(u).
-16
Suppose -22*y + 15 = -9*y - 10*y. Let p(c) = c**3 - 6*c**2 - 7*c + 44. Calculate p(y).
-16
Suppose